*o = 241*o - 44460064. Is o a prime number?
False
Suppose 116*q + 3445543 + 135408587 = 626*q. Is q prime?
True
Suppose 5*j + 21756 + 10372 = 2*g, 3*g - 48225 = 2*j. Is g prime?
False
Is 2 + (-22614)/(((-27)/(-162))/((-1)/4)) a prime number?
True
Let r(m) = 18658*m - 6523. Is r(5) a composite number?
False
Suppose 790303 + 30513723 = 106*g. Is g prime?
False
Let r be 3/(-9) + 420/18. Let v(k) = -322*k - 48*k + r*k + 34. Is v(-7) prime?
False
Let y(n) = -n**3 + 22*n**2 - 22*n + 17. Let w be y(21). Is 3 + w + 21790/(20/4) a composite number?
False
Is (352384/18 + -6)*(-639)/(-142) composite?
False
Let g be 5800/(-348)*(-423)/5. Let h = 1 - -1. Suppose y - g = -2*l, -h*y = -4*l - 0*y + 2828. Is l a composite number?
True
Suppose -45*j = -52*j + 62986. Suppose u + 2549 = j. Is u a prime number?
True
Let q = 12953 - 12223. Suppose -5*u + 2202 = -b, -3*b + 15 = 2*b. Let i = q - u. Is i a composite number?
True
Let k(o) = -482*o - 6. Let i be 4/26 + (-1100)/52 + 7. Is k(i) a composite number?
True
Suppose -56*c + 16 = -60*c, 5*c = -4*n + 6084912. Is n prime?
False
Let v(u) = -64*u**3 - 4*u**2 + 14*u + 15. Suppose 4*q = -4, -3*q - 10 + 42 = -5*k. Is v(k) composite?
False
Let h = 41 - 24. Let f(i) = -148*i**2 - 5*i + 10. Let t(q) = 443*q**2 + 15*q - 29. Let z(n) = h*f(n) + 6*t(n). Is z(-3) prime?
True
Let p be (-1 - -3) + (8 - 10) - -66. Let z = 96 - p. Suppose -33*t + 573 = -z*t. Is t a composite number?
False
Let f be 1 + (-5 + 13 - 5). Let y = f + 1. Suppose 1642 = 4*b + 5*c - 76, 0 = -y*b - 3*c + 2141. Is b a prime number?
False
Suppose -5*j + 4*c + 19113 = -232946, -c - 252056 = -5*j. Is j composite?
False
Suppose 4*y - 8*y = 0. Let i = -3623 + 3665. Suppose y = 43*s - i*s - 43. Is s prime?
True
Suppose 23*o - 37226 = -3*o + 1131500. Is o prime?
False
Let x be ((-6)/7)/((-34)/119) - 1463. Let f = x + 3051. Is f a prime number?
False
Let i = 7302 - 5572. Let z be 1 + -2 + 1405*2. Let q = z - i. Is q a composite number?
True
Let r be (-4 - -274) + (-5 - (-2 - -3)). Let g = -976 + 1407. Let f = r + g. Is f composite?
True
Suppose -3*b + 3*q - 378 = 0, 0*q = 2*b - q + 247. Let d = b + 248. Is d prime?
True
Suppose 89241 = 3*b - 5*n, 3*b + 10*n - 9*n = 89241. Is b a prime number?
False
Let r(h) = 1. Let j(p) = -14*p - 2. Let a(q) = j(q) - 5*r(q). Suppose -20 = 2*m - 0*m + 2*g, -m = -g + 2. Is a(m) a composite number?
True
Let x be (-6)/33 - 1756/22. Suppose 5*s + 2*j = -787, -s - j + 22 = 177. Let y = x - s. Is y composite?
False
Let w(t) = 2628*t**2 - 8*t + 1. Let k be w(2). Suppose -4*l - 2*j + 33678 = 0, -5*j - k = -3*l + 14755. Is l a prime number?
True
Let t = 16704 + -7411. Is t composite?
False
Suppose 126198 = 7*o - 19325. Is o a composite number?
False
Suppose -7*k + 2*h + 146 = -11*k, 3*k - 2*h + 127 = 0. Suppose -4*g + 0*z = 5*z - 273, 0 = 4*g - 3*z - 297. Let o = g + k. Is o composite?
True
Let y(v) = v + 6. Let p be y(-6). Let j be 2 + (-5 - -5)/(-1 + p). Suppose 0 = -a - m - 4*m + 427, 4*a - j*m - 1708 = 0. Is a a prime number?
False
Let l = -17 + 17. Suppose 0 = k + 4, -4*q + 24 = -l*q - 4*k. Is (-89)/q*-20 + -3 composite?
False
Let h = 12 + 10. Is (h/14)/(8/56) prime?
True
Let a(m) = m - 4. Let c be a(4). Let q be (-3 - 39/(-15))*-10. Suppose w - 3*j - 118 = c, 6*j + 118 = w + q*j. Is w a prime number?
False
Suppose -264*i = -267*i + 2490. Suppose -55*a + i = -50*a. Is a composite?
True
Let c(s) = -30*s + 14716. Let l be c(0). Suppose -y + 7426 = 5*d, 5*y + 5*d + l = 51946. Is y composite?
False
Let i(m) = m + 16. Let o be i(-16). Suppose -w - 4*u + 370 = o, 4*u - 929 - 611 = -4*w. Is w + 4 - (-3 + 0) composite?
False
Let v(y) = y**3 - 11*y**2 - 11*y + 3. Let z be v(12). Suppose 17 = -4*u - 5*i - 88, u + z = -5*i. Is (-6 + u/(-24))/((-1)/332) prime?
False
Let p(m) be the first derivative of -4*m**2 + 75*m + 21. Let b be p(9). Suppose 904 + 89 = b*z. Is z a composite number?
False
Let s(o) = -2946*o + 2. Let f be s(-1). Suppose 0 = -2*z, 8*c = 4*c + z + f. Is c a composite number?
True
Is ((-45939)/(-15))/(3/57*(-25)/(-125)) composite?
True
Suppose 0*o - 3*o + 2910 = 0. Suppose 4*x = o - 218. Suppose -3889 - x = -9*j. Is j composite?
True
Suppose 0*j + 5*a = j - 15, -15 = 4*j + 5*a. Suppose -4*c = -3*d - c - 2838, j = -2*d - c - 1883. Let r = d - -1866. Is r a composite number?
True
Let u = 75 + -74. Is (3 + (1 - u))*4923/27 a prime number?
True
Let g = 381347 - -604186. Is g prime?
False
Let u(x) = -7447*x - 2197. Is u(-60) composite?
False
Is -3*4/(-60)*252515 a composite number?
False
Let t = 975464 - 184771. Is t a prime number?
True
Let w(d) = -d**3 + 3*d**2 - 5*d + 7. Let v be 7 + (-10)/(-5) + -4. Suppose v*g - f + 43 = -10, -2*g + 3*f = 29. Is w(g) prime?
False
Suppose 24*s + 96 = 56*s. Suppose 4*i - 15*h = -16*h + 136489, -2*i + s*h = -68255. Is i a composite number?
False
Suppose 25*l + 753330 + 1338058 = 173*l. Is l a prime number?
False
Let x(l) = l**3 + 5*l**2 + 93*l - 1597. Is x(28) a composite number?
False
Suppose -2*u + 13619 + 15055 = -2104. Is u a composite number?
True
Let t be (4 + 6/(-4))*6. Suppose -48 = -t*n + 27. Suppose -3*s + 0*s - 2007 = -3*m, -4*m + 2672 = -n*s. Is m prime?
True
Let j(f) = 2322*f**2 + 53*f - 36. Is j(7) a composite number?
False
Let l(i) = 793*i**3 - 8*i**2 - 6*i + 30. Let c be l(6). Suppose 25260 + c = 18*s. Is s composite?
False
Suppose 0 = 384*g - 386*g + 1148. Let v = g - 389. Is v composite?
True
Let r = 15 + -15. Suppose -2*w = c - 3314, 5*w = -r*w + 3*c + 8285. Suppose -6*k = -7*k + w. Is k composite?
False
Let d be ((-650)/(-125))/(1/25). Is (-30)/26 - -1 - (-2880)/d composite?
True
Let l = -2524 - -6437. Suppose -3 = -c, -c + 6*c = -p + l. Is (p/8)/((-3)/(-12)) composite?
False
Suppose 0*p - 2*p + 8572 = 4*k, 0 = -3*k + 3*p + 6420. Suppose 0 = -5*u - 4*s + 3959 + k, 4*s = 4*u - 4852. Let q = u - 684. Is q composite?
True
Is (3 + -1 + -3)/((-92)/19541812) a prime number?
True
Let c(i) = 10*i + 6*i**3 - 5*i**3 - 9 - 2*i**2 + i - 18*i**2. Let v = 10 + 12. Is c(v) a composite number?
False
Suppose 0 = 5*n + 3*z - 681649, 42*n - 38*n - 3*z = 545330. Is n composite?
True
Let p = -73 - -76. Suppose n + 15 = p*m, 2*n + 3*m - 7 - 8 = 0. Suppose 6767 = 4*u - k, u - 6*u + 2*k + 8455 = n. Is u a prime number?
True
Let b = 5719 - -147. Suppose -45*d - b = -52*d. Is d composite?
True
Let j be (2 + -337)*(-10 + -1). Suppose 21*y = 10*y + j. Is y composite?
True
Let h = -315 - -269. Is h/(-598) - 143492/(-26) composite?
False
Suppose 4*v - 5*u + 5 = 0, 2*u - 8 - 2 = 0. Suppose 3*b = 2*d - 1882, -5*d = -2*d - v*b - 2823. Let m = 1642 - d. Is m composite?
False
Let a be 3/(-2)*8*(-3)/9. Is (7258/a - -4)*2 composite?
False
Let l(y) = -113*y + 166. Let s(w) = 339*w - 499. Let p(x) = 11*l(x) + 4*s(x). Is p(29) prime?
False
Let g = -70 - -68. Is (-7)/((-42)/(-20))*303/g prime?
False
Suppose 138 - 30 = 27*n. Suppose n*s + 6*m - 18765 = m, 4*s = 4*m + 18720. Is s prime?
False
Suppose -p + 2 + 2 = 0, -5*n = -p - 8676. Let j = n - 417. Is j a prime number?
True
Let k = -128 - -111. Is ((-89372)/12)/(k/51) a composite number?
False
Let p(w) = -4*w + 5. Let q be p(1). Suppose -7 = -3*s - q. Suppose 0 = -4*x - s*d + 5686, -8162 = -5*x - 3*d - 1056. Is x composite?
False
Suppose 0 = 5*h - 4*p - 12564, -220*h - 3*p + 2528 = -219*h. Let j = -1529 - -524. Let g = j + h. Is g composite?
False
Let v(k) = k**3 - 8*k**2 + 17*k - 8. Let j be v(4). Let t(a) = -70*a + 51. Is t(j) composite?
False
Let r = 1353050 - 648067. Is r a composite number?
False
Let a(l) = 825*l - 364. Is a(38) prime?
False
Let j be 4/10 + 928/80. Suppose -7*d - 42140 = -j*d. Suppose 5*t - d = -z, -2*z = -4*t + 1522 + 5212. Is t a composite number?
True
Let h be 263 + -3*(6 + -5). Suppose 5546 = -h*o + 262*o. Is o a prime number?
False
Suppose 12*u - 19*u = -14. Is (4/(-6))/(u/(-753)) a composite number?
False
Let h(y) = -2678*y - 191. Let j = -802 + 773. Is h(j) a prime number?
True
Let w be (-2 + (0 - 0))*(-5 - -3). Suppose w = -3*c + 5*b - 20, 9 = -2*c + b. Is 233*c/(-1 - 2) composite?
False
Suppose 0 = 5*j - l - 23, 2*j = -j + 3*l + 21. Suppose 0 = -j*z - 4*v + 40, -4*z - 2*v = -0*v - 38. Suppose -z*o = -868 - 2093. Is o composite?
True
Let g(i) be the first derivative of -72*i**2 + 23*i + 160. Is g(-6) a composite number?
False
Let t be 3 +